the remainder when 1089631 is divided by 819.
361
What is the remainder when 49709131 is divided by 6?
1
What is the remainder when 11843961 is divided by 690?
111
Calculate the remainder when 5100897 is divided by 147.
144
What is the remainder when 45659716 is divided by 216?
124
What is the remainder when 91414170 is divided by 30471371?
57
What is the remainder when 4960 is divided by 194?
110
What is the remainder when 48949396 is divided by 100?
96
Calculate the remainder when 3025232 is divided by 130.
2
Calculate the remainder when 1617531 is divided by 269587.
9
Calculate the remainder when 18913 is divided by 332.
321
Calculate the remainder when 2264774 is divided by 276.
194
Calculate the remainder when 969671194 is divided by 403.
401
Calculate the remainder when 3355438 is divided by 31.
29
Calculate the remainder when 105951528 is divided by 7171.
3
What is the remainder when 3235974 is divided by 1270?
14
What is the remainder when 6206705 is divided by 653?
593
What is the remainder when 3825768 is divided by 7098?
7044
What is the remainder when 159145 is divided by 555?
415
Calculate the remainder when 13447644 is divided by 555.
549
Calculate the remainder when 680290 is divided by 42498.
322
What is the remainder when 14998921 is divided by 33?
25
Calculate the remainder when 1267321 is divided by 23042.
11
What is the remainder when 4448672 is divided by 6401?
6378
What is the remainder when 112333 is divided by 565?
463
What is the remainder when 291785219 is divided by 586?
583
Calculate the remainder when 1442360 is divided by 220.
40
Calculate the remainder when 13180242 is divided by 630.
12
Calculate the remainder when 9502212 is divided by 516.
72
Calculate the remainder when 4015132 is divided by 1003781.
8
Calculate the remainder when 1244748 is divided by 311091.
384
What is the remainder when 35149 is divided by 3662?
2191
What is the remainder when 1285898 is divided by 75537?
1769
Calculate the remainder when 94402410 is divided by 52.
50
What is the remainder when 18035 is divided by 10?
5
Calculate the remainder when 7982 is divided by 148.
138
Calculate the remainder when 147980 is divided by 451.
52
Calculate the remainder when 35076 is divided by 3490.
176
What is the remainder when 128699 is divided by 7472?
1675
What is the remainder when 147951 is divided by 36984?
15
What is the remainder when 11366041 is divided by 315722?
49
What is the remainder when 813226 is divided by 1827?
211
Calculate the remainder when 50073 is divided by 6259.
1
What is the remainder when 41849723 is divided by 26?
19
Calculate the remainder when 98246883 is divided by 34019.
11
What is the remainder when 765571 is divided by 8?
3
Calculate the remainder when 1250695 is divided by 611.
589
What is the remainder when 7103771 is divided by 495?
26
Calculate the remainder when 2855570 is divided by 2990.
120
What is the remainder when 28707754 is divided by 2571?
2539
Calculate the remainder when 249692168 is divided by 14.
12
What is the remainder when 1753150 is divided by 5479?
5349
Calculate the remainder when 9723945 is divided by 12.
9
What is the remainder when 479522 is divided by 239736?
50
Calculate the remainder when 42081 is divided by 2520.
1761
Calculate the remainder when 1033719 is divided by 33.
27
Calculate the remainder when 1350342 is divided by 71032.
734
What is the remainder when 144759 is divided by 36165?
99
Calculate the remainder when 16032780 is divided by 196.
176
What is the remainder when 49508638 is divided by 160?
158
Calculate the remainder when 5459676 is divided by 117.
105
What is the remainder when 149098 is divided by 2085?
1063
What is the remainder when 5504673 is divided by 2118?
2109
Calculate the remainder when 7685597 is divided by 2956.
2953
Calculate the remainder when 298224 is divided by 2256.
432
Calculate the remainder when 183275 is divided by 139.
73
Calculate the remainder when 1158167 is divided by 578930.
307
Calculate the remainder when 178754017 is divided by 881.
879
What is the remainder when 16536 is divided by 13562?
2974
What is the remainder when 44214 is divided by 1278?
762
What is the remainder when 35853 is divided by 3981?
24
Calculate the remainder when 8439654 is divided by 375.
279
What is the remainder when 102144 is divided by 891?
570
Calculate the remainder when 7776596 is divided by 390.
386
Calculate the remainder when 191993805 is divided by 657.
9
Calculate the remainder when 158730213 is divided by 28.
5
Calculate the remainder when 11221673 is divided by 313.
310
What is the remainder when 88698 is divided by 3701?
3575
Calculate the remainder when 159723 is divided by 522.
513
What is the remainder when 19097677 is divided by 214?
103
Calculate the remainder when 3030075 is divided by 1515036.
3
Calculate the remainder when 5293195 is divided by 441097.
31
Calculate the remainder when 1603497 is divided by 207.
75
Calculate the remainder when 119235353 is divided by 6381.
6368
Calculate the remainder when 229690 is divided by 16311.
1336
Calculate the remainder when 12955023 is divided by 299.
250
Calculate the remainder when 677093 is divided by 29419.
456
Calculate the remainder when 58633208 is divided by 8698.
8688
What is the remainder when 85799 is divided by 4356?
3035
What is the remainder when 5839 is divided by 2041?
1757
What is the remainder when 37582475 is divided by 789?
38
Calculate the remainder when 182556216 is divided by 91278100.
16
Calculate the remainder when 29831711 is divided by 29333.
50
Calculate the remainder when 2511842 is divided by 4.
2
Calculate the remainder when 54221229 is divided by 403.
400
What is the remainder when 22535 is divided by 22531?
4
What is the remainder when 92077 is divided by 2557?
25
What is the remainder when 81345 is divided by 81150?
195
Calculate the remainder when 2391566 is divided by 797123.
197
Calculate the remainder when 2475345 is divided by 825097.
54
What is the remainder when 15360 is divided by 265?
255
Calculate the remainder when 69699066 is divided by 99.
96
Calculate the remainder when 1020991 is divided by 3942.
13
Calculate the remainder when 895023 is divided by 907.
721
What is the remainder when 84085655 is divided by 207?
185
What is the remainder when 2783119 is divided by 695777?
11
What is the remainder when 4069713 is divided by 123324?
21
What is the remainder when 68622771 is divided by 803?
800
Calculate the remainder when 1485345 is divided by 247554.
21
Calculate the remainder when 333155 is divided by 88.
75
What is the remainder when 37384051 is divided by 113?
35
What is the remainder when 225476 is divided by 61?
20
Calculate the remainder when 2458023 is divided by 117047.
36
Calculate the remainder when 3726681 is divided by 5009.
4994
Calculate the remainder when 17757794 is divided by 15.
14
What is the remainder when 19979 is divided by 317?
8
What is the remainder when 65563 is divided by 573?
241
Calculate the remainder when 1507974 is divided by 1227.
1218
Calculate the remainder when 449746 is divided by 149866.
148
What is the remainder when 4682216 is divided by 741?
578
Calculate the remainder when 34528 is divided by 202.
188
What is the remainder when 1929411 is divided by 79?
73
What is the remainder when 7067245 is divided by 82?
75
What is the remainder when 12281135 is divided by 37?
21
What is the remainder when 1018085 is divided by 2242?
217
What is the remainder when 14392 is divided by 2200?
1192
What is the remainder when 975375 is divided by 211?
133
What is the remainder when 603080 is divided by 702?
62
Calculate the remainder when 32142713 is divided by 4819.
4802
What is the remainder when 1255645 is divided by 2150?
45
What is the remainder when 1486272 is divided by 20078?
500
Calculate the remainder when 10484551 is divided by 52.
51
Calculate the remainder when 43799 is divided by 2570.
109
Calculate the remainder when 1571505 is divided by 120885.
0
Calculate the remainder when 34435 is divided by 34301.
134
What is the remainder when 23958 is divided by 4061?
3653
What is the remainder when 2406 is divided by 793?
27
Calculate the remainder when 6164875 is divided by 10538.
145
What is the remainder when 7824279 